[INFO] cloning repository https://github.com/shalen-original/nalgebra-lapack-test
[INFO] running `Command { std: "git" "-c" "credential.helper=" "-c" "credential.helper=/workspace/cargo-home/bin/git-credential-null" "clone" "--bare" "https://github.com/shalen-original/nalgebra-lapack-test" "/workspace/cache/git-repos/https%3A%2F%2Fgithub.com%2Fshalen-original%2Fnalgebra-lapack-test", kill_on_drop: false }`
[INFO] [stderr] Cloning into bare repository '/workspace/cache/git-repos/https%3A%2F%2Fgithub.com%2Fshalen-original%2Fnalgebra-lapack-test'...
[INFO] running `Command { std: "git" "rev-parse" "HEAD", kill_on_drop: false }`
[INFO] [stdout] ec36b558ff718ffab928e34769a4b5e8c7f18122
[INFO] checking shalen-original/nalgebra-lapack-test against 40527f3e444fde1deb361751bdef9b9e11d1b971+rustflags=--cfg crater_hack --force-warn invalid-c-variadic-arguments for pr-162478
[INFO] running `Command { std: "git" "clone" "/workspace/cache/git-repos/https%3A%2F%2Fgithub.com%2Fshalen-original%2Fnalgebra-lapack-test" "/workspace/builds/worker-2-tc2/source", kill_on_drop: false }`
[INFO] [stderr] Cloning into '/workspace/builds/worker-2-tc2/source'...
[INFO] [stderr] done.
[INFO] started tweaking git repo https://github.com/shalen-original/nalgebra-lapack-test
[INFO] finished tweaking git repo https://github.com/shalen-original/nalgebra-lapack-test
[INFO] tweaked toml for git repo https://github.com/shalen-original/nalgebra-lapack-test written to /workspace/builds/worker-2-tc2/source/Cargo.toml
[INFO] validating manifest of git repo https://github.com/shalen-original/nalgebra-lapack-test on toolchain 40527f3e444fde1deb361751bdef9b9e11d1b971
[INFO] running `Command { std: CARGO_HOME="/workspace/cargo-home" RUSTUP_HOME="/workspace/rustup-home" "/workspace/cargo-home/bin/cargo" "+40527f3e444fde1deb361751bdef9b9e11d1b971" "metadata" "--manifest-path" "Cargo.toml" "--no-deps", kill_on_drop: false }`
[INFO] crate git repo https://github.com/shalen-original/nalgebra-lapack-test already has a lockfile, it will not be regenerated
[INFO] running `Command { std: CARGO_HOME="/workspace/cargo-home" RUSTUP_HOME="/workspace/rustup-home" "/workspace/cargo-home/bin/cargo" "+40527f3e444fde1deb361751bdef9b9e11d1b971" "fetch" "--manifest-path" "Cargo.toml", kill_on_drop: false }`
[INFO] [stderr]     Blocking waiting for file lock on package cache
[INFO] [stderr]     Updating crates.io index
[INFO] [stderr]     Blocking waiting for file lock on package cache
[ERROR] error running command: no output for 300 seconds
[INFO] checking shalen-original/nalgebra-lapack-test against 40527f3e444fde1deb361751bdef9b9e11d1b971+rustflags=--cfg crater_hack --force-warn invalid-c-variadic-arguments for pr-162478
[INFO] running `Command { std: "git" "clone" "/workspace/cache/git-repos/https%3A%2F%2Fgithub.com%2Fshalen-original%2Fnalgebra-lapack-test" "/workspace/builds/worker-2-tc2/source", kill_on_drop: false }`
[INFO] [stderr] Cloning into '/workspace/builds/worker-2-tc2/source'...
[INFO] [stderr] done.
[INFO] started tweaking git repo https://github.com/shalen-original/nalgebra-lapack-test
[INFO] finished tweaking git repo https://github.com/shalen-original/nalgebra-lapack-test
[INFO] tweaked toml for git repo https://github.com/shalen-original/nalgebra-lapack-test written to /workspace/builds/worker-2-tc2/source/Cargo.toml
[INFO] validating manifest of git repo https://github.com/shalen-original/nalgebra-lapack-test on toolchain 40527f3e444fde1deb361751bdef9b9e11d1b971
[INFO] running `Command { std: CARGO_HOME="/workspace/cargo-home" RUSTUP_HOME="/workspace/rustup-home" "/workspace/cargo-home/bin/cargo" "+40527f3e444fde1deb361751bdef9b9e11d1b971" "metadata" "--manifest-path" "Cargo.toml" "--no-deps", kill_on_drop: false }`
[INFO] crate git repo https://github.com/shalen-original/nalgebra-lapack-test already has a lockfile, it will not be regenerated
[INFO] running `Command { std: CARGO_HOME="/workspace/cargo-home" RUSTUP_HOME="/workspace/rustup-home" "/workspace/cargo-home/bin/cargo" "+40527f3e444fde1deb361751bdef9b9e11d1b971" "fetch" "--manifest-path" "Cargo.toml", kill_on_drop: false }`
[INFO] [stderr]     Blocking waiting for file lock on package cache
[INFO] [stderr]     Blocking waiting for file lock on package cache
[INFO] [stderr]  Downloading crates ...
[INFO] [stderr]   Downloaded nalgebra-lapack v0.20.0
[INFO] [stderr]   Downloaded paste v1.0.6
[INFO] [stderr]   Downloaded num-complex v0.4.0
[INFO] [stderr]   Downloaded simba v0.5.1
[INFO] [stderr]   Downloaded approx v0.5.0
[INFO] [stderr]   Downloaded thiserror-impl v1.0.30
[INFO] [stderr]   Downloaded dirs-sys v0.3.6
[INFO] [stderr]   Downloaded simba v0.6.0
[INFO] [stderr]   Downloaded dirs v3.0.2
[INFO] [stderr]   Downloaded thiserror v1.0.30
[INFO] [stderr]   Downloaded typenum v1.14.0
[INFO] [stderr]   Downloaded lapack v0.19.0
[INFO] [stderr]   Downloaded lapack-src v0.8.0
[INFO] [stderr]   Downloaded openblas-build v0.1.1
[INFO] [stderr]   Downloaded proc-macro2 v1.0.33
[INFO] [stderr]   Downloaded wide v0.7.1
[INFO] [stderr]   Downloaded redox_users v0.4.0
[INFO] [stderr]   Downloaded nalgebra v0.29.0
[INFO] [stderr]   Downloaded libc v0.2.109
[INFO] [stderr]   Downloaded openblas-src v0.10.4
[INFO] [stderr]   Downloaded lapack-sys v0.14.0
[INFO] running `Command { std: "docker" "create" "-v" "/var/lib/crater-agent-workspace/builds/worker-2-tc2/source:/opt/rustwide/workdir:ro,Z" "-v" "/var/lib/crater-agent-workspace/builds/worker-2-tc2/target:/opt/rustwide/target:rw,Z" "-v" "/var/lib/crater-agent-workspace/cargo-home:/opt/rustwide/cargo-home:ro,Z" "-v" "/var/lib/crater-agent-workspace/rustup-home:/opt/rustwide/rustup-home:ro,Z" "-m" "1610612736" "--network" "none" "ghcr.io/rust-lang/crates-build-env/linux@sha256:8683fc1fc2eb5c9ac98e0d076ab094b2ffac7f99da555d2b6a2e27f346de2ec7" "sleep" "infinity", kill_on_drop: false }`
[INFO] [stdout] 06f3a98f723cc6afcc188e41091d390d1b6dbd0b8c1f63c8281be2a85699145c
[INFO] running `Command { std: "docker" "start" "06f3a98f723cc6afcc188e41091d390d1b6dbd0b8c1f63c8281be2a85699145c", kill_on_drop: false }`
[INFO] running `Command { std: "docker" "inspect" "06f3a98f723cc6afcc188e41091d390d1b6dbd0b8c1f63c8281be2a85699145c", kill_on_drop: false }`
[INFO] running `Command { std: "docker" "exec" "-e" "SOURCE_DIR=/opt/rustwide/workdir" "-e" "CARGO_HOME=/opt/rustwide/cargo-home" "-e" "RUSTUP_HOME=/opt/rustwide/rustup-home" "-e" "CARGO_TARGET_DIR=/opt/rustwide/target" "-w" "/opt/rustwide/workdir" "--user" "0:0" "06f3a98f723cc6afcc188e41091d390d1b6dbd0b8c1f63c8281be2a85699145c" "/opt/rustwide/cargo-home/bin/cargo" "+40527f3e444fde1deb361751bdef9b9e11d1b971" "metadata" "--no-deps" "--format-version=1", kill_on_drop: false }`
[INFO] running `Command { std: "docker" "inspect" "06f3a98f723cc6afcc188e41091d390d1b6dbd0b8c1f63c8281be2a85699145c", kill_on_drop: false }`
[INFO] running `Command { std: "docker" "exec" "-e" "SOURCE_DIR=/opt/rustwide/workdir" "-e" "CARGO_HOME=/opt/rustwide/cargo-home" "-e" "RUSTUP_HOME=/opt/rustwide/rustup-home" "-e" "CARGO_TARGET_DIR=/opt/rustwide/target" "-e" "CARGO_INCREMENTAL=0" "-e" "RUST_BACKTRACE=full" "-e" "RUSTFLAGS=--cap-lints=forbid --cfg crater_hack --force-warn invalid-c-variadic-arguments" "-e" "RUSTDOCFLAGS=--cap-lints=forbid" "-w" "/opt/rustwide/workdir" "--user" "0:0" "06f3a98f723cc6afcc188e41091d390d1b6dbd0b8c1f63c8281be2a85699145c" "/opt/rustwide/cargo-home/bin/cargo" "+40527f3e444fde1deb361751bdef9b9e11d1b971" "check" "--frozen" "--all" "--all-targets" "--message-format=json", kill_on_drop: false }`
[INFO] [stderr]    Compiling proc-macro2 v1.0.33
[INFO] [stderr]    Compiling unicode-xid v0.2.2
[INFO] [stderr]    Compiling syn v1.0.82
[INFO] [stderr]    Compiling libc v0.2.109
[INFO] [stderr]    Compiling num-traits v0.2.14
[INFO] [stderr]    Compiling same-file v1.0.6
[INFO] [stderr]    Compiling num-integer v0.1.44
[INFO] [stderr]     Checking bytemuck v1.7.2
[INFO] [stderr]    Compiling num-rational v0.4.0
[INFO] [stderr]    Compiling paste v1.0.6
[INFO] [stderr]    Compiling typenum v1.14.0
[INFO] [stderr]     Checking rawpointer v0.2.1
[INFO] [stderr]     Checking matrixmultiply v0.3.2
[INFO] [stderr]    Compiling walkdir v2.3.2
[INFO] [stderr]     Checking safe_arch v0.6.0
[INFO] [stderr]     Checking wide v0.7.1
[INFO] [stderr]    Compiling dirs-sys v0.3.6
[INFO] [stderr]     Checking lapack-sys v0.14.0
[INFO] [stderr]    Compiling quote v1.0.10
[INFO] [stderr]    Compiling dirs v3.0.2
[INFO] [stderr]     Checking num-complex v0.4.0
[INFO] [stderr]     Checking approx v0.5.0
[INFO] [stderr]     Checking simba v0.5.1
[INFO] [stderr]     Checking lapack v0.19.0
[INFO] [stderr]     Checking simba v0.6.0
[INFO] [stderr]    Compiling thiserror-impl v1.0.30
[INFO] [stderr]    Compiling nalgebra-macros v0.1.0
[INFO] [stderr]    Compiling thiserror v1.0.30
[INFO] [stderr]    Compiling openblas-build v0.1.1
[INFO] [stderr]    Compiling openblas-src v0.10.4
[INFO] [stderr]     Checking nalgebra v0.29.0
[INFO] [stderr] warning: openblas-src@0.10.4: OpenBLAS is built as a shared library. You need to set LD_LIBRARY_PATH=/opt/rustwide/target/debug/build/openblas-src/be35e6206cbf5a95/out
[INFO] [stderr] error: failed to run custom build command for `openblas-src v0.10.4`
[INFO] [stderr] note: To improve backtraces for build dependencies, set the CARGO_PROFILE_DEV_BUILD_OVERRIDE_DEBUG=true environment variable to enable debug information generation.
[INFO] [stderr] 
[INFO] [stderr] Caused by:
[INFO] [stderr]   process didn't exit successfully: `/opt/rustwide/target/debug/build/openblas-src/283be18228aee23b/out/build_script_build` (exit status: 101)
[INFO] [stderr]   --- stdout
[INFO] [stderr]   cargo:warning=OpenBLAS is built as a shared library. You need to set LD_LIBRARY_PATH=/opt/rustwide/target/debug/build/openblas-src/be35e6206cbf5a95/out
[INFO] [stderr] 
[INFO] [stderr]   --- stderr
[INFO] [stderr]   trsm.c: In function 'strmm_':
[INFO] [stderr]   trsm.c:396:50: error: passing argument 5 of 'gemm_thread_n' from incompatible pointer type [-Wincompatible-pointer-types]
[INFO] [stderr]     396 |       gemm_thread_n(mode, &args, NULL, NULL, trsm[(side<<4) | (trans<<2) | (uplo<<1) | unit], sa, sb, args.nthreads);
[INFO] [stderr]         |                                              ~~~~^~~~~~~~~~~~~~~~~~~~~~~~~~~~~~~~~~~~~~~~~~~
[INFO] [stderr]         |                                                  |
[INFO] [stderr]         |                                                  int (*)(blas_arg_t *, BLASLONG *, BLASLONG *, float *, float *, BLASLONG) {aka int (*)(blas_arg_t *, long int *, long int *, float *, float *, long int)}
[INFO] [stderr]   In file included from ../common.h:838,
[INFO] [stderr]                    from trsm.c:41:
[INFO] [stderr]   ../common_thread.h:191:74: note: expected 'int (*)(void)' but argument is of type 'int (*)(blas_arg_t *, BLASLONG *, BLASLONG *, float *, float *, BLASLONG)' {aka 'int (*)(blas_arg_t *, long int *, long int *, float *, float *, long int)'}
[INFO] [stderr]     191 | int gemm_thread_n (int mode, blas_arg_t *, BLASLONG *, BLASLONG *, int (*function)(), void *, void *, BLASLONG);
[INFO] [stderr]         |                                                                    ~~~~~~^~~~~~~~~~~
[INFO] [stderr]   trsm.c:398:50: error: passing argument 5 of 'gemm_thread_m' from incompatible pointer type [-Wincompatible-pointer-types]
[INFO] [stderr]     398 |       gemm_thread_m(mode, &args, NULL, NULL, trsm[(side<<4) | (trans<<2) | (uplo<<1) | unit], sa, sb, args.nthreads);
[INFO] [stderr]         |                                              ~~~~^~~~~~~~~~~~~~~~~~~~~~~~~~~~~~~~~~~~~~~~~~~
[INFO] [stderr]         |                                                  |
[INFO] [stderr]         |                                                  int (*)(blas_arg_t *, BLASLONG *, BLASLONG *, float *, float *, BLASLONG) {aka int (*)(blas_arg_t *, long int *, long int *, float *, float *, long int)}
[INFO] [stderr]   ../common_thread.h:189:74: note: expected 'int (*)(void)' but argument is of type 'int (*)(blas_arg_t *, BLASLONG *, BLASLONG *, float *, float *, BLASLONG)' {aka 'int (*)(blas_arg_t *, long int *, long int *, float *, float *, long int)'}
[INFO] [stderr]     189 | int gemm_thread_m (int mode, blas_arg_t *, BLASLONG *, BLASLONG *, int (*function)(), void *, void *, BLASLONG);
[INFO] [stderr]         |                                                                    ~~~~~~^~~~~~~~~~~
[INFO] [stderr]   make[1]: *** [Makefile:1331: strmm.o] Error 1
[INFO] [stderr]   make[1]: *** Waiting for unfinished jobs....
[INFO] [stderr]   gemm.c: In function 'sgemm_':
[INFO] [stderr]   gemm.c:133:7: warning: unused variable 'mode' [-Wunused-variable]
[INFO] [stderr]     133 |   int mode  =  BLAS_SINGLE  | BLAS_REAL;
[INFO] [stderr]         |       ^~~~
[INFO] [stderr]   syr2k.c: In function 'ssyr2k_':
[INFO] [stderr]   syr2k.c:382:47: error: passing argument 5 of 'syrk_thread' from incompatible pointer type [-Wincompatible-pointer-types]
[INFO] [stderr]     382 |     syrk_thread(mode, &args, NULL, NULL, syr2k[(uplo << 1) | trans ], sa, sb, args.nthreads);
[INFO] [stderr]         |                                          ~~~~~^~~~~~~~~~~~~~~~~~~~~~
[INFO] [stderr]         |                                               |
[INFO] [stderr]         |                                               int (*)(blas_arg_t *, BLASLONG *, BLASLONG *, float *, float *, BLASLONG) {aka int (*)(blas_arg_t *, long int *, long int *, float *, float *, long int)}
[INFO] [stderr]   In file included from ../common.h:838,
[INFO] [stderr]                    from syr2k.c:41:
[INFO] [stderr]   ../common_thread.h:202:71: note: expected 'int (*)(void)' but argument is of type 'int (*)(blas_arg_t *, BLASLONG *, BLASLONG *, float *, float *, BLASLONG)' {aka 'int (*)(blas_arg_t *, long int *, long int *, float *, float *, long int)'}
[INFO] [stderr]     202 | int syrk_thread(int mode, blas_arg_t *, BLASLONG *, BLASLONG *, int (*function)(), void *, void *, BLASLONG);
[INFO] [stderr]         |                                                                 ~~~~~~^~~~~~~~~~~
[INFO] [stderr]   make[1]: *** [Makefile:1385: ssyr2k.o] Error 1
[INFO] [stderr]   trsm.c: In function 'strsm_':
[INFO] [stderr]   trsm.c:396:50: error: passing argument 5 of 'gemm_thread_n' from incompatible pointer type [-Wincompatible-pointer-types]
[INFO] [stderr]     396 |       gemm_thread_n(mode, &args, NULL, NULL, trsm[(side<<4) | (trans<<2) | (uplo<<1) | unit], sa, sb, args.nthreads);
[INFO] [stderr]         |                                              ~~~~^~~~~~~~~~~~~~~~~~~~~~~~~~~~~~~~~~~~~~~~~~~
[INFO] [stderr]         |                                                  |
[INFO] [stderr]         |                                                  int (*)(blas_arg_t *, BLASLONG *, BLASLONG *, float *, float *, BLASLONG) {aka int (*)(blas_arg_t *, long int *, long int *, float *, float *, long int)}
[INFO] [stderr]   In file included from ../common.h:838,
[INFO] [stderr]                    from trsm.c:41:
[INFO] [stderr]   ../common_thread.h:191:74: note: expected 'int (*)(void)' but argument is of type 'int (*)(blas_arg_t *, BLASLONG *, BLASLONG *, float *, float *, BLASLONG)' {aka 'int (*)(blas_arg_t *, long int *, long int *, float *, float *, long int)'}
[INFO] [stderr]     191 | int gemm_thread_n (int mode, blas_arg_t *, BLASLONG *, BLASLONG *, int (*function)(), void *, void *, BLASLONG);
[INFO] [stderr]         |                                                                    ~~~~~~^~~~~~~~~~~
[INFO] [stderr]   trsm.c:398:50: error: passing argument 5 of 'gemm_thread_m' from incompatible pointer type [-Wincompatible-pointer-types]
[INFO] [stderr]     398 |       gemm_thread_m(mode, &args, NULL, NULL, trsm[(side<<4) | (trans<<2) | (uplo<<1) | unit], sa, sb, args.nthreads);
[INFO] [stderr]         |                                              ~~~~^~~~~~~~~~~~~~~~~~~~~~~~~~~~~~~~~~~~~~~~~~~
[INFO] [stderr]         |                                                  |
[INFO] [stderr]         |                                                  int (*)(blas_arg_t *, BLASLONG *, BLASLONG *, float *, float *, BLASLONG) {aka int (*)(blas_arg_t *, long int *, long int *, float *, float *, long int)}
[INFO] [stderr]   ../common_thread.h:189:74: note: expected 'int (*)(void)' but argument is of type 'int (*)(blas_arg_t *, BLASLONG *, BLASLONG *, float *, float *, BLASLONG)' {aka 'int (*)(blas_arg_t *, long int *, long int *, float *, float *, long int)'}
[INFO] [stderr]     189 | int gemm_thread_m (int mode, blas_arg_t *, BLASLONG *, BLASLONG *, int (*function)(), void *, void *, BLASLONG);
[INFO] [stderr]         |                                                                    ~~~~~~^~~~~~~~~~~
[INFO] [stderr]   make[1]: *** [Makefile:1349: strsm.o] Error 1
[INFO] [stderr]   make: *** [Makefile:171: libs] Error 1
[INFO] [stderr] 
[INFO] [stderr] 
[INFO] [stderr]   thread 'main' (568) panicked at /opt/rustwide/cargo-home/registry/src/index.crates.io-1949cf8c6b5b557f/openblas-src-0.10.4/build.rs:150:45:
[INFO] [stderr]   called `Result::unwrap()` on an `Err` value: NonZeroExitStatus { status: 2 }
[INFO] [stderr]   stack backtrace:
[INFO] [stderr]      0:     0x588512464cb1 - std[424fb19f2a9daa83]::backtrace_rs::backtrace::libunwind::trace
[INFO] [stderr]                                  at /rustc/40527f3e444fde1deb361751bdef9b9e11d1b971/library/std/src/../../backtrace/src/backtrace/libunwind.rs:117:9
[INFO] [stderr]      1:     0x588512464cb1 - std[424fb19f2a9daa83]::backtrace_rs::backtrace::trace_unsynchronized::<std[424fb19f2a9daa83]::sys::backtrace::_print_fmt::{closure#1}>
[INFO] [stderr]                                  at /rustc/40527f3e444fde1deb361751bdef9b9e11d1b971/library/std/src/../../backtrace/src/backtrace/mod.rs:66:14
[INFO] [stderr]      2:     0x588512464cb1 - std[424fb19f2a9daa83]::sys::backtrace::_print_fmt
[INFO] [stderr]                                  at /rustc/40527f3e444fde1deb361751bdef9b9e11d1b971/library/std/src/sys/backtrace.rs:74:9
[INFO] [stderr]      3:     0x588512464cb1 - <<std[424fb19f2a9daa83]::sys::backtrace::BacktraceLock>::print::DisplayBacktrace as core[717fc4f5b532b94f]::fmt::Display>::fmt
[INFO] [stderr]                                  at /rustc/40527f3e444fde1deb361751bdef9b9e11d1b971/library/std/src/sys/backtrace.rs:44:26
[INFO] [stderr]      4:     0x58851247707a - <core[717fc4f5b532b94f]::fmt::rt::Argument>::fmt
[INFO] [stderr]                                  at /rustc/40527f3e444fde1deb361751bdef9b9e11d1b971/library/core/src/fmt/rt.rs:152:76
[INFO] [stderr]      5:     0x58851247707a - core[717fc4f5b532b94f]::fmt::write
[INFO] [stderr]      6:     0x588512468dfc - core[717fc4f5b532b94f]::io::write::default_write_fmt::<std[424fb19f2a9daa83]::sys::stdio::unix::Stderr>
[INFO] [stderr]                                  at /rustc/40527f3e444fde1deb361751bdef9b9e11d1b971/library/core/src/io/write.rs:402:11
[INFO] [stderr]      7:     0x588512468dfc - <std[424fb19f2a9daa83]::sys::stdio::unix::Stderr as core[717fc4f5b532b94f]::io::write::Write>::write_fmt
[INFO] [stderr]                                  at /rustc/40527f3e444fde1deb361751bdef9b9e11d1b971/library/core/src/io/write.rs:335:13
[INFO] [stderr]      8:     0x5885124438a6 - <std[424fb19f2a9daa83]::sys::backtrace::BacktraceLock>::print
[INFO] [stderr]                                  at /rustc/40527f3e444fde1deb361751bdef9b9e11d1b971/library/std/src/sys/backtrace.rs:47:9
[INFO] [stderr]      9:     0x5885124438a6 - std[424fb19f2a9daa83]::panicking::default_hook::{closure#0}
[INFO] [stderr]                                  at /rustc/40527f3e444fde1deb361751bdef9b9e11d1b971/library/std/src/panicking.rs:289:27
[INFO] [stderr]     10:     0x58851245eeb1 - std[424fb19f2a9daa83]::panicking::default_hook
[INFO] [stderr]                                  at /rustc/40527f3e444fde1deb361751bdef9b9e11d1b971/library/std/src/panicking.rs:316:9
[INFO] [stderr]     11:     0x58851245f06b - std[424fb19f2a9daa83]::panicking::panic_with_hook
[INFO] [stderr]                                  at /rustc/40527f3e444fde1deb361751bdef9b9e11d1b971/library/std/src/panicking.rs:811:13
[INFO] [stderr]     12:     0x588512443952 - std[424fb19f2a9daa83]::panicking::panic_handler::{closure#0}
[INFO] [stderr]                                  at /rustc/40527f3e444fde1deb361751bdef9b9e11d1b971/library/std/src/panicking.rs:685:13
[INFO] [stderr]     13:     0x58851243bc29 - std[424fb19f2a9daa83]::sys::backtrace::__rust_end_short_backtrace::<std[424fb19f2a9daa83]::panicking::panic_handler::{closure#0}, !>
[INFO] [stderr]                                  at /rustc/40527f3e444fde1deb361751bdef9b9e11d1b971/library/std/src/sys/backtrace.rs:182:18
[INFO] [stderr]     14:     0x58851244413d - __rustc[1fc61c0a089715c4]::rust_begin_unwind
[INFO] [stderr]                                  at /rustc/40527f3e444fde1deb361751bdef9b9e11d1b971/library/std/src/panicking.rs:676:5
[INFO] [stderr]     15:     0x5885124777ac - core[717fc4f5b532b94f]::panicking::panic_fmt
[INFO] [stderr]                                  at /rustc/40527f3e444fde1deb361751bdef9b9e11d1b971/library/core/src/panicking.rs:80:14
[INFO] [stderr]     16:     0x588512477582 - core[717fc4f5b532b94f]::result::unwrap_failed
[INFO] [stderr]                                  at /rustc/40527f3e444fde1deb361751bdef9b9e11d1b971/library/core/src/result.rs:1870:5
[INFO] [stderr]     17:     0x58851240b55f - build_script_build[24f1bc89d84ed1b]::build
[INFO] [stderr]     18:     0x58851240ad6f - build_script_build[24f1bc89d84ed1b]::main
[INFO] [stderr]     19:     0x588512408fe3 - <fn() as core[717fc4f5b532b94f]::ops::function::FnOnce<()>>::call_once
[INFO] [stderr]     20:     0x588512409f06 - std[424fb19f2a9daa83]::sys::backtrace::__rust_begin_short_backtrace::<fn(), ()>
[INFO] [stderr]     21:     0x58851240ab09 - std[424fb19f2a9daa83]::rt::lang_start::<()>::{closure#0}
[INFO] [stderr]     22:     0x58851245df98 - <&dyn core[717fc4f5b532b94f]::ops::function::Fn<(), Output = i32> + core[717fc4f5b532b94f]::panic::unwind_safe::RefUnwindSafe + core[717fc4f5b532b94f]::marker::Sync as core[717fc4f5b532b94f]::ops::function::FnOnce<()>>::call_once
[INFO] [stderr]                                  at /rustc/40527f3e444fde1deb361751bdef9b9e11d1b971/library/core/src/ops/function.rs:287:21
[INFO] [stderr]     23:     0x58851245df98 - std[424fb19f2a9daa83]::panicking::catch_unwind::do_call::<&dyn core[717fc4f5b532b94f]::ops::function::Fn<(), Output = i32> + core[717fc4f5b532b94f]::panic::unwind_safe::RefUnwindSafe + core[717fc4f5b532b94f]::marker::Sync, i32>
[INFO] [stderr]                                  at /rustc/40527f3e444fde1deb361751bdef9b9e11d1b971/library/std/src/panicking.rs:573:43
[INFO] [stderr]     24:     0x58851245df98 - std[424fb19f2a9daa83]::panicking::catch_unwind::<i32, &dyn core[717fc4f5b532b94f]::ops::function::Fn<(), Output = i32> + core[717fc4f5b532b94f]::panic::unwind_safe::RefUnwindSafe + core[717fc4f5b532b94f]::marker::Sync>
[INFO] [stderr]                                  at /rustc/40527f3e444fde1deb361751bdef9b9e11d1b971/library/std/src/panicking.rs:541:19
[INFO] [stderr]     25:     0x58851245df98 - std[424fb19f2a9daa83]::panic::catch_unwind::<&dyn core[717fc4f5b532b94f]::ops::function::Fn<(), Output = i32> + core[717fc4f5b532b94f]::panic::unwind_safe::RefUnwindSafe + core[717fc4f5b532b94f]::marker::Sync, i32>
[INFO] [stderr]                                  at /rustc/40527f3e444fde1deb361751bdef9b9e11d1b971/library/std/src/panic.rs:359:14
[INFO] [stderr]     26:     0x58851245df98 - std[424fb19f2a9daa83]::rt::lang_start_internal::{closure#0}
[INFO] [stderr]                                  at /rustc/40527f3e444fde1deb361751bdef9b9e11d1b971/library/std/src/rt.rs:175:24
[INFO] [stderr]     27:     0x58851245df98 - std[424fb19f2a9daa83]::panicking::catch_unwind::do_call::<std[424fb19f2a9daa83]::rt::lang_start_internal::{closure#0}, isize>
[INFO] [stderr]                                  at /rustc/40527f3e444fde1deb361751bdef9b9e11d1b971/library/std/src/panicking.rs:573:43
[INFO] [stderr]     28:     0x58851245df98 - std[424fb19f2a9daa83]::panicking::catch_unwind::<isize, std[424fb19f2a9daa83]::rt::lang_start_internal::{closure#0}>
[INFO] [stderr]                                  at /rustc/40527f3e444fde1deb361751bdef9b9e11d1b971/library/std/src/panicking.rs:541:19
[INFO] [stderr]     29:     0x58851245df98 - std[424fb19f2a9daa83]::panic::catch_unwind::<std[424fb19f2a9daa83]::rt::lang_start_internal::{closure#0}, isize>
[INFO] [stderr]                                  at /rustc/40527f3e444fde1deb361751bdef9b9e11d1b971/library/std/src/panic.rs:359:14
[INFO] [stderr]     30:     0x58851245df98 - std[424fb19f2a9daa83]::rt::lang_start_internal
[INFO] [stderr]                                  at /rustc/40527f3e444fde1deb361751bdef9b9e11d1b971/library/std/src/rt.rs:171:5
[INFO] [stderr]     31:     0x588512409e11 - std[424fb19f2a9daa83]::rt::lang_start::<()>
[INFO] [stderr]     32:     0x58851240e525 - main
[INFO] [stderr]     33:     0x72f88c828601 - <unknown>
[INFO] [stderr]     34:     0x72f88c828718 - __libc_start_main
[INFO] [stderr]     35:     0x588512401a85 - _start
[INFO] [stderr]     36:                0x0 - <unknown>
[INFO] [stderr] warning: build failed, waiting for other jobs to finish...
[INFO] running `Command { std: "docker" "inspect" "06f3a98f723cc6afcc188e41091d390d1b6dbd0b8c1f63c8281be2a85699145c", kill_on_drop: false }`
[INFO] running `Command { std: "docker" "rm" "-f" "06f3a98f723cc6afcc188e41091d390d1b6dbd0b8c1f63c8281be2a85699145c", kill_on_drop: false }`
[INFO] [stdout] 06f3a98f723cc6afcc188e41091d390d1b6dbd0b8c1f63c8281be2a85699145c
